s 297 a multiple of 99?
True
Is 47 a factor of 16638?
True
Is 296 a multiple of 10?
False
Is 1256 a multiple of 8?
True
Is 19 a factor of 82821?
True
Is 9 a factor of 9140?
False
Is 1292 a multiple of 19?
True
Does 53 divide 3657?
True
Does 24 divide 383?
False
Is 433 a multiple of 5?
False
Does 23 divide 330?
False
Is 52 a factor of 30732?
True
Is 10 a factor of 9573?
False
Is 3215 a multiple of 18?
False
Is 3 a factor of 430?
False
Does 63 divide 13167?
True
Is 998 a multiple of 23?
False
Does 13 divide 1227?
False
Is 13 a factor of 7904?
True
Is 2001 a multiple of 113?
False
Does 43 divide 888?
False
Is 1176 a multiple of 24?
True
Is 270 a multiple of 18?
True
Does 42 divide 55671?
False
Is 2 a factor of 10498?
True
Is 129 a factor of 258?
True
Is 148 a factor of 9519?
False
Is 21369 a multiple of 83?
False
Does 48 divide 42432?
True
Is 12 a factor of 68076?
True
Does 12 divide 4524?
True
Is 67 a factor of 65184?
False
Is 42 a factor of 1298?
False
Is 151 a factor of 161117?
True
Is 145 a factor of 88740?
True
Does 130 divide 26165?
False
Is 690 a multiple of 69?
True
Is 460 a multiple of 46?
True
Does 5 divide 68?
False
Is 4949 a multiple of 26?
False
Is 79477 a multiple of 284?
False
Does 21 divide 42168?
True
Is 15580 a multiple of 190?
True
Is 14 a factor of 2504?
False
Is 32 a factor of 2982?
False
Is 19790 a multiple of 127?
False
Does 24 divide 168?
True
Is 156 a factor of 9048?
True
Is 7 a factor of 448?
True
Does 113 divide 452?
True
Does 5 divide 292?
False
Is 3 a factor of 5?
False
Is 954 a multiple of 53?
True
Is 11776 a multiple of 15?
False
Does 3 divide 2536?
False
Is 18 a factor of 2732?
False
Is 7120 a multiple of 89?
True
Is 1107 a multiple of 45?
False
Is 16770 a multiple of 43?
True
Does 53 divide 4187?
True
Is 9 a factor of 1747?
False
Is 45 a factor of 1035?
True
Does 91 divide 66924?
False
Does 42 divide 9267?
False
Is 11 a factor of 1617?
True
Does 7 divide 4884?
False
Does 9 divide 521?
False
Is 33 a factor of 50361?
False
Does 140 divide 9515?
False
Is 2129 a multiple of 23?
False
Does 15 divide 8773?
False
Is 36 a multiple of 27?
False
Is 94181 a multiple of 53?
True
Does 8 divide 2799?
False
Does 5 divide 110?
True
Is 23 a factor of 43838?
True
Does 49 divide 539?
True
Is 984 a multiple of 5?
False
Is 3 a factor of 149?
False
Is 6840 a multiple of 171?
True
Is 30915 a multiple of 8?
False
Is 9 a factor of 108?
True
Is 80791 a multiple of 54?
False
Does 53 divide 159?
True
Does 48 divide 14544?
True
Does 18 divide 25596?
True
Is 10 a factor of 3041?
False
Is 351 a multiple of 9?
True
Is 6 a factor of 13?
False
Is 1449 a multiple of 63?
True
Does 12 divide 5004?
True
Is 326 a multiple of 6?
False
Is 14433 a multiple of 67?
False
Is 22085 a multiple of 5?
True
Is 2800 a multiple of 16?
True
Is 3 a factor of 279?
True
Is 2952 a multiple of 25?
False
Is 11 a factor of 1888?
False
Does 15 divide 1245?
True
Is 4371 a multiple of 31?
True
Does 10 divide 308?
False
Is 12103 a multiple of 13?
True
Is 7029 a multiple of 71?
True
Is 12508 a multiple of 106?
True
Does 14 divide 1127?
False
Is 588 a multiple of 6?
True
Does 7 divide 1320?
False
Is 46 a factor of 12357?
False
Is 24 a factor of 895?
False
Does 24 divide 1560?
True
Is 1155 a multiple of 33?
True
Does 72 divide 2097?
False
Is 528 a multiple of 8?
True
Does 4 divide 63?
False
Is 5928 a multiple of 152?
True
Does 7 divide 185?
False
Is 17975 a multiple of 64?
False
Is 9 a factor of 405?
True
Is 20674 a multiple of 80?
False
Is 2016 a multiple of 16?
True
Does 10 divide 7250?
True
Is 20 a factor of 2443?
False
Does 150 divide 7278?
False
Does 28 divide 1120?
True
Does 5 divide 230?
True
Is 6800 a multiple of 301?
False
Does 24 divide 278?
False
Does 48 divide 1433?
False
Does 21 divide 101?
False
Does 24 divide 181008?
True
Is 8288 a multiple of 148?
True
Is 7 a factor of 216?
False
Does 69 divide 3174?
True
Is 11 a factor of 14758?
False
Does 79 divide 56188?
False
Does 12 divide 1224?
True
Does 19 divide 1044?
False
Is 1402 a multiple of 5?
False
Does 97 divide 9885?
False
Is 11655 a multiple of 35?
True
Does 17 divide 635?
False
Does 18 divide 8441?
False
Does 74 divide 5994?
True
Does 18 divide 99?
False
Does 97 divide 3298?
True
Does 9 divide 45?
True
Is 10 a factor of 123909?
False
Is 18 a factor of 125979?
False
Is 193 a multiple of 5?
False
Is 10 a factor of 17153?
False
Is 1419 a multiple of 4?
False
Is 18 a factor of 342?
True
Is 7 a factor of 4408?
False
Is 8 a factor of 893?
False
Does 38 divide 1852?
False
Is 1470 a multiple of 13?
False
Is 49 a factor of 2517?
False
Is 131 a factor of 33395?
False
Is 653 a multiple of 45?
False
Is 5105 a multiple of 15?
False
Is 22 a factor of 232?
False
Does 91 divide 108088?
False
Is 18 a factor of 20805?
False
Does 4 divide 9148?
True
Is 141 a multiple of 3?
True
Is 39 a factor of 78?
True
Does 14 divide 5760?
False
Is 725 a multiple of 2?
False
Is 68552 a multiple of 152?
True
Is 23 a factor of 1449?
True
Is 952 a multiple of 19?
False
Is 10 a factor of 1450?
True
Is 80 a factor of 18496?
False
Does 6 divide 21537?
False
Is 29 a factor of 1160?
True
Is 1545 a multiple of 4?
False
Is 27 a factor of 1529?
False
Is 213 a factor of 20777?
False
Is 187 a multiple of 4?
False
Does 305 divide 10349?
False
Is 8 a factor of 3768?
True
Is 2432 a multiple of 64?
True
Does 116 divide 2593?
False
Is 7 a factor of 93?
False
Does 2 divide 55?
False
Is 174 a multiple of 29?
True
Is 885 a multiple of 13?
False
Is 21 a factor of 777?
True
Is 9 a factor of 5940?
True
Is 1447 a multiple of 12?
False
Is 5270 a multiple of 5?
True
Does 17 divide 14637?
True
Is 51 a factor of 2295?
True
Does 24 divide 5141?
False
Is 2996 a multiple of 5?
False
Is 48232 a multiple of 11?
False
Is 13 a factor of 1456?
True
Is 13 a multiple of 3?
False
Does 44 divide 10912?
True
Does 44 divide 26322?
False
Is 131 a factor of 32181?
False
Is 38 a factor of 34451?
False
Does 91 divide 12467?
True
Is 148 a multiple of 37?
True
Does 28 divide 11784?
False
Is 649 a multiple of 7?
False
Is 34 a factor of 714?
True
Does 34 divide 757?
False
Is 31 a factor of 39466?
False
Does 12 divide 264?
True
Is 22995 a multiple of 44?
False
Is 13 a factor of 2925?
True
Is 88 even?
True
Is 700 a multiple of 19?
False
Is 100 a factor of 51845?
False
Is 13 a factor of 1250?
False
Does 13 divide 24695?
False
Does 32 divide 64?
True
Does 35 divide 4130?
True
Is 42925 a multiple of 17?
True
Is 9861 a multiple of 19?
True
Does 4 divide 8868?
True
Does 4 divide 80?
True
Is 46 a factor of 10167?
False
Is 6 a factor of 13173?
False
Is 39 a factor of 1531?
False
Is 23 a factor of 2759?
False
Is 34 a factor of 204?
True
Is 212 a factor of 21200?
True
Does 44 divide 378?
False
Does 17 divide 3009?
True
Is 1141 a multiple of 12?
False
Is 89 a factor of 67462?
True
Does 68 divide 1632?
True
Does 56 divide 81?
False
Is 2800 a multiple of 40?
True
Does 59 divide 1416?
True
Is 105 a factor of 2205?
True
Is 11 a factor of 429?
True
Is 10 a factor of 4007?
False
Is 25 a factor of 1750?
True
Does 89 divide 9455?
False
Is 510 a multiple of 17?
True
Does 30 divide 103200?
True
Is 21555 a multiple of 16?
False
Does 18 divide 2984?
False
Does 298 divide 91314?
False
Is 782 a multiple of 23?
True
Is 676 a multiple of 26?
True
Is 22 a factor of 821?
False
Is 10080 a multiple of 14?
True
Is 30 a factor of 3783?
False
Is 18437 a multiple of 10?
False
Does 23 divide 55567?
False
Does 155 divide 310?
True
Is 2 a factor of 355?
False
Does 35 divide 268?
False
Does 29 divide 5249?
True
Does 4 divide 375?
False
Does 12 divide 420?
True
Is 33789 a multiple of 21?
True
Is 3360 a multiple of 28?
True
Is 5843 even?
False
Is 5 a factor of 41?
False
Is 8962 a multiple of 101?
False
Is 101 a factor of 9999?
True
Is 13 a factor of 208?
True
Does 7 divide 203?
True
Is 238 a factor of 137564?
True
Does 11 divide 840?
False
Is 1087 a multiple of 23?
False
Is 28 a factor of 22512?
True
Is 1592 a multiple of 15?
False
Does 27 divide 2133?
True
Is 81 a factor of 1331?
False
Is 35 a factor of 13514?
False
Is 87 a factor of 1218?
True
Does 13 divide 3065?
False
Does 2 divide 865?
False
Does 25 divide 2325?
True
Is 35 a factor of 280?
True
Does 76 divide 10169?
False
Is 14170 a multiple of 10?
True
Is 1470 a multiple of 49